{"id":462,"date":"2016-07-04T17:17:29","date_gmt":"2016-07-04T21:17:29","guid":{"rendered":"http:\/\/162.243.91.38\/?page_id=462"},"modified":"2016-07-04T17:17:29","modified_gmt":"2016-07-04T21:17:29","slug":"modulo-controle-interno","status":"publish","type":"page","link":"https:\/\/lamper.com.br\/?page_id=462","title":{"rendered":"M\u00f3dulo Controle Interno"},"content":{"rendered":"<div class=\"page-header\">\n<div class=\"page-header\">\n<h2>Controle Interno<\/h2>\n<\/div>\n<div>\n<h4>O QUE \u00c9 O M\u00d3DULO CONTROLE INTERNO?<\/h4>\n<p style=\"text-align: justify;\"><span style=\"font-size: 12pt;\">\u00c9 uma ferramenta indispens\u00e1vel para a execu\u00e7\u00e3o e controle das atividades de auditoria do Controle Interno. Permite a realiza\u00e7\u00e3o e controle de auditorias, processos e obriga\u00e7\u00f5es.<\/span><br \/>\n<span style=\"font-size: 12pt;\">Totalmente parametriz\u00e1vel, pode ser configurado de acordo com as necessidades e realidade do \u00f3rg\u00e3o al\u00e9m de ser de f\u00e1cil opera\u00e7\u00e3o e aprendizagem.<\/span><\/p>\n<h4>QUAIS AS VANTAGENS DO M\u00d3DULO?<\/h4>\n<hr \/>\n<ul>\n<li style=\"text-align: justify;\"><span style=\"font-size: 12pt;\">Cont\u00e9m programas para a gest\u00e3o de atividades da Agenda de Obriga\u00e7\u00f5es da entidade, inclusive com defini\u00e7\u00e3o do respons\u00e1vel pelo atendimento de cada uma delas<\/span><\/li>\n<li style=\"text-align: justify;\"><span style=\"font-size: 12pt;\">Define e configura as rotinas de auditoria (checklists) de todos os setores da entidade cujos processos e atividades s\u00e3o realizados com o SIG\u00a0<\/span><\/li>\n<li style=\"text-align: justify;\"><span style=\"font-size: 12pt;\">Est\u00e1 integrado ao m\u00f3dulo Protocolo<\/span><\/li>\n<li style=\"text-align: justify;\"><span style=\"font-size: 12pt;\">Gera processos administrativos com despachos, pareceres, questionamentos e legisla\u00e7\u00f5es em ambiente 100% web<\/span><\/li>\n<li style=\"text-align: justify;\"><span style=\"font-size: 12pt;\">Notifica as pessoas respons\u00e1veis para provid\u00eancias saneadoras, com limita\u00e7\u00e3o de datas e orienta\u00e7\u00f5es\/determina\u00e7\u00f5es<\/span><\/li>\n<li style=\"text-align: justify;\"><span style=\"font-size: 12pt;\">Aceita anexa\u00e7\u00e3o de arquivos digitais<\/span><\/li>\n<li style=\"text-align: justify;\"><span style=\"font-size: 12pt;\">Possibilita a gest\u00e3o completa das Instru\u00e7\u00f5es Normativas, inclusive as estabelecidas pela Controladoria.<\/span><\/li>\n<li style=\"text-align: justify;\"><span style=\"font-size: 12pt;\">Permite a impress\u00e3o das auditorias, notifica\u00e7\u00f5es e checklists para preenchimento in-loco para posterior lan\u00e7amento no sistema.<\/span><\/li>\n<\/ul>\n<\/div>\n<\/div>\n","protected":false},"excerpt":{"rendered":"<p>Controle Interno O QUE \u00c9 O M\u00d3DULO CONTROLE INTERNO? \u00c9 uma ferramenta indispens\u00e1vel para a execu\u00e7\u00e3o e controle das atividades de auditoria do Controle Interno. Permite a realiza\u00e7\u00e3o e controle de auditorias, processos e obriga\u00e7\u00f5es. Totalmente parametriz\u00e1vel, pode ser configurado de acordo com as necessidades e realidade do \u00f3rg\u00e3o al\u00e9m de ser de f\u00e1cil opera\u00e7\u00e3o<\/p>\n","protected":false},"author":1,"featured_media":0,"parent":528,"menu_order":0,"comment_status":"open","ping_status":"open","template":"fullwidth.php","meta":[],"uagb_featured_image_src":{"full":false,"thumbnail":false,"medium":false,"medium_large":false,"large":false,"1536x1536":false,"2048x2048":false,"home_post_thumb":false,"wl_page_thumb":false,"blog_2c_thumb":false},"uagb_author_info":{"display_name":"admin","author_link":"https:\/\/lamper.com.br\/?author=1"},"uagb_comment_info":0,"uagb_excerpt":"Controle Interno O QUE \u00c9 O M\u00d3DULO CONTROLE INTERNO? \u00c9 uma ferramenta indispens\u00e1vel para a execu\u00e7\u00e3o e controle das atividades de auditoria do Controle Interno. Permite a realiza\u00e7\u00e3o e controle de auditorias, processos e obriga\u00e7\u00f5es. Totalmente parametriz\u00e1vel, pode ser configurado de acordo com as necessidades e realidade do \u00f3rg\u00e3o al\u00e9m de ser de f\u00e1cil opera\u00e7\u00e3o","_links":{"self":[{"href":"https:\/\/lamper.com.br\/index.php?rest_route=\/wp\/v2\/pages\/462"}],"collection":[{"href":"https:\/\/lamper.com.br\/index.php?rest_route=\/wp\/v2\/pages"}],"about":[{"href":"https:\/\/lamper.com.br\/index.php?rest_route=\/wp\/v2\/types\/page"}],"author":[{"embeddable":true,"href":"https:\/\/lamper.com.br\/index.php?rest_route=\/wp\/v2\/users\/1"}],"replies":[{"embeddable":true,"href":"https:\/\/lamper.com.br\/index.php?rest_route=%2Fwp%2Fv2%2Fcomments&post=462"}],"version-history":[{"count":0,"href":"https:\/\/lamper.com.br\/index.php?rest_route=\/wp\/v2\/pages\/462\/revisions"}],"up":[{"embeddable":true,"href":"https:\/\/lamper.com.br\/index.php?rest_route=\/wp\/v2\/pages\/528"}],"wp:attachment":[{"href":"https:\/\/lamper.com.br\/index.php?rest_route=%2Fwp%2Fv2%2Fmedia&parent=462"}],"curies":[{"name":"wp","href":"https:\/\/api.w.org\/{rel}","templated":true}]}}

Módulo Controle Interno

<div class="page-header">
<div class="page-header">
<h2>Controle Interno</h2>
</div>
<div>
<h4>O QUE É O MÓDULO CONTROLE INTERNO?</h4>
<p style="text-align: justify;"><span style="font-size: 12pt;">É uma ferramenta indispensável para a execução e controle das atividades de auditoria do Controle Interno. Permite a realização e controle de auditorias, processos e obrigações.</span><br />
<span style="font-size: 12pt;">Totalmente parametrizável, pode ser configurado de acordo com as necessidades e realidade do órgão além de ser de fácil operação e aprendizagem.</span></p>
<h4>QUAIS AS VANTAGENS DO MÓDULO?</h4>
<hr />
<ul>
<li style="text-align: justify;"><span style="font-size: 12pt;">Contém programas para a gestão de atividades da Agenda de Obrigações da entidade, inclusive com definição do responsável pelo atendimento de cada uma delas</span></li>
<li style="text-align: justify;"><span style="font-size: 12pt;">Define e configura as rotinas de auditoria (checklists) de todos os setores da entidade cujos processos e atividades são realizados com o SIG </span></li>
<li style="text-align: justify;"><span style="font-size: 12pt;">Está integrado ao módulo Protocolo</span></li>
<li style="text-align: justify;"><span style="font-size: 12pt;">Gera processos administrativos com despachos, pareceres, questionamentos e legislações em ambiente 100% web</span></li>
<li style="text-align: justify;"><span style="font-size: 12pt;">Notifica as pessoas responsáveis para providências saneadoras, com limitação de datas e orientações/determinações</span></li>
<li style="text-align: justify;"><span style="font-size: 12pt;">Aceita anexação de arquivos digitais</span></li>
<li style="text-align: justify;"><span style="font-size: 12pt;">Possibilita a gestão completa das Instruções Normativas, inclusive as estabelecidas pela Controladoria.</span></li>
<li style="text-align: justify;"><span style="font-size: 12pt;">Permite a impressão das auditorias, notificações e checklists para preenchimento in-loco para posterior lançamento no sistema.</span></li>
</ul>
</div>
</div>

<p>Controle Interno O QUE É O MÓDULO CONTROLE INTERNO? É uma ferramenta indispensável para a execução e controle das atividades de auditoria do Controle Interno. Permite a realização e controle de auditorias, processos e obrigações. Totalmente parametrizável, pode ser configurado de acordo com as necessidades e realidade do órgão além de ser de fácil operação</p>

Controle Interno O QUE É O MÓDULO CONTROLE INTERNO? É uma ferramenta indispensável para a execução e controle das atividades de auditoria do Controle Interno. Permite a realização e controle de auditorias, processos e obrigações. Totalmente parametrizável, pode ser configurado de acordo com as necessidades e realidade do órgão além de ser de fácil operação
