{"id":468,"date":"2016-02-04T17:22:35","date_gmt":"2016-02-04T17:22:35","guid":{"rendered":"http:\/\/162.243.91.38\/?page_id=468"},"modified":"2016-02-04T17:22:35","modified_gmt":"2016-02-04T17:22:35","slug":"modulo-orcamento","status":"publish","type":"page","link":"https:\/\/lamper.com.br\/?page_id=468","title":{"rendered":"M\u00f3dulo Or\u00e7amento"},"content":{"rendered":"<div>\n<p style=\"text-align: justify;\"><img class=\"alignleft\" src=\"http:\/\/www.prodata.inf.br\/images\/prodata\/modOrcamento.jpg\" alt=\"\" width=\"400\" align=\"right\" border=\"0\" \/><\/p>\n<div class=\"page-header\">\n<h2>M\u00f3dulo Or\u00e7amento<\/h2>\n<\/div>\n<div>\n<h4>O QUE \u00c9 O M\u00d3DULO OR\u00c7AMENTO?<\/h4>\n<p style=\"text-align: justify;\"><span style=\"font-size: 12pt;\">O M\u00f3dulo Or\u00e7amento foi desenvolvido com o conceito de ser uma ferramenta de solu\u00e7\u00f5es completas para as prefeituras. Envolve assim todas as diretrizes do plano de governo e dos recursos por meio do or\u00e7amento e Plano Estrat\u00e9gico, baseado na Lei de Diretrizes Or\u00e7ament\u00e1rias (LDO) e do Plano Plurianual (PPA).<\/span><\/p>\n<p style=\"text-align: justify;\"><span style=\"font-size: 12pt;\">Oferece como principais vantagens a facilidade no gerenciamento de informa\u00e7\u00f5es, aplicando os princ\u00edpios do Balanced Scorecard para comunicar, monitorar e avaliar a execu\u00e7\u00e3o das estrat\u00e9gias de Governo, o que gera um controle mais eficiente sobre as atividades or\u00e7ament\u00e1rias do munic\u00edpio.<\/span><\/p>\n<h4>VANTAGENS DO M\u00d3DULO OR\u00c7AMENTO:<\/h4>\n<hr \/>\n<ul>\n<li style=\"text-align: justify;\"><span style=\"font-size: 12pt;\">Integra\u00e7\u00e3o de informa\u00e7\u00f5es e dados pertinentes ao PPA, LDO e or\u00e7amento para aferir a\u00e7\u00f5es e metas.<\/span><\/li>\n<li style=\"text-align: justify;\"><span style=\"font-size: 12pt;\">Atualiza\u00e7\u00e3o total ou seletiva dos valores da proposta or\u00e7ament\u00e1ria atrav\u00e9s da aplica\u00e7\u00e3o de percentuais ou \u00edndices.<\/span><\/li>\n<li style=\"text-align: justify;\"><span style=\"font-size: 12pt;\">Total autonomia no gerenciamento e atualiza\u00e7\u00e3o de classifica\u00e7\u00e3o econ\u00f4mica da Receita e Despesas.<\/span><\/li>\n<li style=\"text-align: justify;\"><span style=\"font-size: 12pt;\">Gerencia de modo cont\u00e1bil as dota\u00e7\u00f5es or\u00e7ament\u00e1rias e demais atos de execu\u00e7\u00e3o or\u00e7ament\u00e1ria e financeira para \u00f3rg\u00e3o, fundo, ou entidade da administra\u00e7\u00e3o direta, aut\u00e1rquica e fundacional.<\/span><\/li>\n<li style=\"text-align: justify;\"><span style=\"font-size: 12pt;\">Agilidade na impress\u00e3o de relat\u00f3rios e arquivos eletr\u00f4nicos solicitados pela Lei Complementar 101\/2000 (LRF).<\/span><\/li>\n<li style=\"text-align: justify;\"><span style=\"font-size: 12pt;\">Permiss\u00e3o de transfer\u00eancia autom\u00e1tica para o exerc\u00edcio seguinte de saldos de balan\u00e7o no encerramento do exerc\u00edcio, observando o par\u00e1grafo \u00fanico do Artigo 8\u00ba da Lei Complementar 101\/2000 (LRF) com sua(s) atualiza\u00e7\u00e3o(\u00e7\u00f5es) posterior(es) em vigor.<\/span><\/li>\n<li style=\"text-align: justify;\"><span style=\"font-size: 12pt;\">Permite a descentraliza\u00e7\u00e3o interna e externa de cr\u00e9dito or\u00e7ament\u00e1rio entre unidades.<\/span><\/li>\n<li style=\"text-align: justify;\"><span style=\"font-size: 12pt;\">Emite todos os anexos do Balan\u00e7o Geral, em conformidade com a Lei 4320\/64, LC 101\/2000, Resolu\u00e7\u00e3o 54\/2016 TCE\/MS e MPCASP.<\/span><\/li>\n<\/ul>\n<\/div>\n<\/div>\n","protected":false},"excerpt":{"rendered":"<p>M\u00f3dulo Or\u00e7amento O QUE \u00c9 O M\u00d3DULO OR\u00c7AMENTO? O M\u00f3dulo Or\u00e7amento foi desenvolvido com o conceito de ser uma ferramenta de solu\u00e7\u00f5es completas para as prefeituras. Envolve assim todas as diretrizes do plano de governo e dos recursos por meio do or\u00e7amento e Plano Estrat\u00e9gico, baseado na Lei de Diretrizes Or\u00e7ament\u00e1rias (LDO) e do Plano<\/p>\n","protected":false},"author":1,"featured_media":0,"parent":528,"menu_order":0,"comment_status":"closed","ping_status":"closed","template":"fullwidth.php","meta":[],"uagb_featured_image_src":{"full":false,"thumbnail":false,"medium":false,"medium_large":false,"large":false,"1536x1536":false,"2048x2048":false,"home_post_thumb":false,"wl_page_thumb":false,"blog_2c_thumb":false},"uagb_author_info":{"display_name":"admin","author_link":"https:\/\/lamper.com.br\/?author=1"},"uagb_comment_info":0,"uagb_excerpt":"M\u00f3dulo Or\u00e7amento O QUE \u00c9 O M\u00d3DULO OR\u00c7AMENTO? O M\u00f3dulo Or\u00e7amento foi desenvolvido com o conceito de ser uma ferramenta de solu\u00e7\u00f5es completas para as prefeituras. Envolve assim todas as diretrizes do plano de governo e dos recursos por meio do or\u00e7amento e Plano Estrat\u00e9gico, baseado na Lei de Diretrizes Or\u00e7ament\u00e1rias (LDO) e do Plano","_links":{"self":[{"href":"https:\/\/lamper.com.br\/index.php?rest_route=\/wp\/v2\/pages\/468"}],"collection":[{"href":"https:\/\/lamper.com.br\/index.php?rest_route=\/wp\/v2\/pages"}],"about":[{"href":"https:\/\/lamper.com.br\/index.php?rest_route=\/wp\/v2\/types\/page"}],"author":[{"embeddable":true,"href":"https:\/\/lamper.com.br\/index.php?rest_route=\/wp\/v2\/users\/1"}],"replies":[{"embeddable":true,"href":"https:\/\/lamper.com.br\/index.php?rest_route=%2Fwp%2Fv2%2Fcomments&post=468"}],"version-history":[{"count":0,"href":"https:\/\/lamper.com.br\/index.php?rest_route=\/wp\/v2\/pages\/468\/revisions"}],"up":[{"embeddable":true,"href":"https:\/\/lamper.com.br\/index.php?rest_route=\/wp\/v2\/pages\/528"}],"wp:attachment":[{"href":"https:\/\/lamper.com.br\/index.php?rest_route=%2Fwp%2Fv2%2Fmedia&parent=468"}],"curies":[{"name":"wp","href":"https:\/\/api.w.org\/{rel}","templated":true}]}}