{"id":482,"date":"2016-02-04T17:27:31","date_gmt":"2016-02-04T17:27:31","guid":{"rendered":"http:\/\/162.243.91.38\/?page_id=482"},"modified":"2016-02-04T17:27:31","modified_gmt":"2016-02-04T17:27:31","slug":"modulo-saude","status":"publish","type":"page","link":"https:\/\/lamper.com.br\/?page_id=482","title":{"rendered":"M\u00f3dulo Sa\u00fade"},"content":{"rendered":"<div class=\"page-header\">\n<h2 style=\"text-align: center;\"><img loading=\"lazy\" class=\"alignleft\" src=\"http:\/\/www.prodata.inf.br\/images\/M%C3%B3dulo_Sa%C3%BAde-01.jpg\" alt=\"M\u00f3dulo Sa\u00fade-01\" width=\"300\" height=\"217\" \/><\/h2>\n<\/div>\n<div>\n<div class=\"page-header\">\n<h2>M\u00f3dulo Sa\u00fade<\/h2>\n<\/div>\n<div>\n<h4>O QUE \u00c9 O M\u00d3DULO SA\u00daDE?<\/h4>\n<p style=\"text-align: justify;\"><span style=\"font-size: 12pt;\">O sistema concentra em uma base de dados \u00fanica rotinas da Secretaria de Sa\u00fade, Unidades de Sa\u00fade, Enfermeira, Consult\u00f3rio, Farm\u00e1cia, Laborat\u00f3rio e Portal da Sa\u00fade. O Prontu\u00e1rio Eletr\u00f4nico unifica os dados dos atendimentos m\u00e9dico hospitalares e laboratoriais dos pacientes facilitando e dando agilidade \u00e0s rotinas de atendimento. O Sistema ainda contribui para o trabalho dos m\u00e9dicos em seus atendimentos, consultas cl\u00ednicas ou emerg\u00eancias.<\/span><\/p>\n<p style=\"text-align: justify;\"><span style=\"font-size: 12pt;\">Para as Unidades de Sa\u00fade, proporciona mais seguran\u00e7a ao paciente, pois re\u00fane todas as informa\u00e7\u00f5es dispon\u00edveis no munic\u00edpio em uma base unificada que pode ser acessada via internet de qualquer computador. Os m\u00e9dicos t\u00eam acesso online ao hist\u00f3rico do paciente, tabela de procedimento e seus valores agregados, tabela de CID, emiss\u00e3o de atestados, pedidos de exames, encaminhamentos, acolhimento do paciente, preenchimento da anamnese, relat\u00f3rios por micro \u00e1rea, tabelas especializadas, rela\u00e7\u00e3o de m\u00e9dicos, novas unidades de atendimento e cadastro de usu\u00e1rios.<\/span><\/p>\n<h4>QUAIS AS VANTAGENS DO M\u00d3DULO?<\/h4>\n<hr \/>\n<ul>\n<li><span style=\"font-size: 14pt;\">Prontu\u00e1rio Eletr\u00f4nico com hist\u00f3rico de atendimentos do paciente<\/span><\/li>\n<li><span style=\"font-size: 14pt;\">Sistema Inteligente com controle de fluxo de atendimento de acordo com a demanda de cada unidade;<\/span><\/li>\n<li><span style=\"font-size: 14pt;\">Gest\u00e3o do M\u00f3dulo Farm\u00e1cia e Almoxarifado por c\u00f3digo de barras<\/span><\/li>\n<li><span style=\"font-size: 14pt;\">Controle do tempo de atendimento por paciente;<\/span><\/li>\n<li><span style=\"font-size: 14pt;\">M\u00f3dulo Consult\u00f3rio para m\u00e9dicos e odont\u00f3logos.<\/span><\/li>\n<li><span style=\"font-size: 14pt;\">Acesso online a resultados de exames laboratoriais<\/span><\/li>\n<li><span style=\"font-size: 14pt;\">Gera\u00a0relat\u00f3rios e gr\u00e1ficos gerenciais dos servi\u00e7os de sa\u00fade para presta\u00e7\u00e3o de contas \u00e0 Uni\u00e3o e Estado, conforme legisla\u00e7\u00e3o.<\/span><\/li>\n<\/ul>\n<\/div>\n<\/div>\n","protected":false},"excerpt":{"rendered":"<p>M\u00f3dulo Sa\u00fade O QUE \u00c9 O M\u00d3DULO SA\u00daDE? O sistema concentra em uma base de dados \u00fanica rotinas da Secretaria de Sa\u00fade, Unidades de Sa\u00fade, Enfermeira, Consult\u00f3rio, Farm\u00e1cia, Laborat\u00f3rio e Portal da Sa\u00fade. O Prontu\u00e1rio Eletr\u00f4nico unifica os dados dos atendimentos m\u00e9dico hospitalares e laboratoriais dos pacientes facilitando e dando agilidade \u00e0s rotinas de atendimento.<\/p>\n","protected":false},"author":1,"featured_media":0,"parent":528,"menu_order":0,"comment_status":"closed","ping_status":"closed","template":"fullwidth.php","meta":[],"uagb_featured_image_src":{"full":false,"thumbnail":false,"medium":false,"medium_large":false,"large":false,"1536x1536":false,"2048x2048":false,"home_post_thumb":false,"wl_page_thumb":false,"blog_2c_thumb":false},"uagb_author_info":{"display_name":"admin","author_link":"https:\/\/lamper.com.br\/?author=1"},"uagb_comment_info":0,"uagb_excerpt":"M\u00f3dulo Sa\u00fade O QUE \u00c9 O M\u00d3DULO SA\u00daDE? O sistema concentra em uma base de dados \u00fanica rotinas da Secretaria de Sa\u00fade, Unidades de Sa\u00fade, Enfermeira, Consult\u00f3rio, Farm\u00e1cia, Laborat\u00f3rio e Portal da Sa\u00fade. O Prontu\u00e1rio Eletr\u00f4nico unifica os dados dos atendimentos m\u00e9dico hospitalares e laboratoriais dos pacientes facilitando e dando agilidade \u00e0s rotinas de atendimento.","_links":{"self":[{"href":"https:\/\/lamper.com.br\/index.php?rest_route=\/wp\/v2\/pages\/482"}],"collection":[{"href":"https:\/\/lamper.com.br\/index.php?rest_route=\/wp\/v2\/pages"}],"about":[{"href":"https:\/\/lamper.com.br\/index.php?rest_route=\/wp\/v2\/types\/page"}],"author":[{"embeddable":true,"href":"https:\/\/lamper.com.br\/index.php?rest_route=\/wp\/v2\/users\/1"}],"replies":[{"embeddable":true,"href":"https:\/\/lamper.com.br\/index.php?rest_route=%2Fwp%2Fv2%2Fcomments&post=482"}],"version-history":[{"count":0,"href":"https:\/\/lamper.com.br\/index.php?rest_route=\/wp\/v2\/pages\/482\/revisions"}],"up":[{"embeddable":true,"href":"https:\/\/lamper.com.br\/index.php?rest_route=\/wp\/v2\/pages\/528"}],"wp:attachment":[{"href":"https:\/\/lamper.com.br\/index.php?rest_route=%2Fwp%2Fv2%2Fmedia&parent=482"}],"curies":[{"name":"wp","href":"https:\/\/api.w.org\/{rel}","templated":true}]}}