{"id":484,"date":"2016-07-04T17:29:39","date_gmt":"2016-07-04T21:29:39","guid":{"rendered":"http:\/\/162.243.91.38\/?page_id=484"},"modified":"2016-07-04T17:29:39","modified_gmt":"2016-07-04T21:29:39","slug":"folha-de-pagamento","status":"publish","type":"page","link":"https:\/\/lamper.com.br\/?page_id=484","title":{"rendered":"M\u00f3dulo Folha"},"content":{"rendered":"<div>\n<p style=\"text-align: justify;\"><img class=\"alignleft\" src=\"http:\/\/www.prodata.inf.br\/images\/prodata\/modPessoal.jpg\" alt=\"\" width=\"400\" align=\"right\" border=\"0\" \/><\/p>\n<div class=\"page-header\">\n<h2>M\u00f3dulo Gest\u00e3o Pessoal<\/h2>\n<\/div>\n<div>\n<h4>O QUE \u00c9 O M\u00d3DULO GEST\u00c3O PESSOAL?<\/h4>\n<p style=\"text-align: justify;\"><span style=\"font-size: 12pt;\">O M\u00f3dulo Gest\u00e3o Pessoal \u00e9 uma ferramenta que incrementa a Administra\u00e7\u00e3o de Recursos Humanos e gerencia os processos de Administra\u00e7\u00e3o Pessoal. O sistema promove o gerenciamento completo de dados cadastrais e do hist\u00f3rico de informa\u00e7\u00f5es dos servidores, dependentes, pensionistas e das diversas categorias funcionais com base em informa\u00e7\u00f5es de admiss\u00e3o, qualifica\u00e7\u00e3o profissional, evolu\u00e7\u00e3o salarial, lota\u00e7\u00e3o e folha de pagamento.<\/span><\/p>\n<p style=\"text-align: justify;\"><span style=\"font-size: 12pt;\">O M\u00f3dulo realiza todos os c\u00e1lculos salariais, possibilitando o lan\u00e7amento das incid\u00eancias (eventos\/verbas) em folha de maneira individual ou atrav\u00e9s dos atos administrativos de forma autom\u00e1tica, facilitando a realiza\u00e7\u00e3o das movimenta\u00e7\u00f5es mensais.<\/span><\/p>\n<p style=\"text-align: justify;\"><span style=\"font-size: 12pt;\">O M\u00f3dulo Gest\u00e3o Pessoal oferece simplicidade e facilidade ao departamento de RH do munic\u00edpio proporcionando uma melhor gest\u00e3o de pessoas dentro da institui\u00e7\u00e3o.<\/span><\/p>\n<h4>QUAIS AS VANTAGENS M\u00d3DULO?<\/h4>\n<hr \/>\n<ul>\n<li style=\"text-align: justify;\"><span style=\"font-size: 12pt;\">O m\u00f3dulo permite a capta\u00e7\u00e3o e manuten\u00e7\u00e3o de informa\u00e7\u00f5es pessoais e funcionais do pessoal ativo e inativo.<\/span><\/li>\n<li style=\"text-align: justify;\"><span style=\"font-size: 12pt;\">Controla o quantitativo dos servidores (previsto em lei) e permite o controle de folhas complementares.<\/span><\/li>\n<li style=\"text-align: justify;\"><span style=\"font-size: 12pt;\">Calcula e processa os valores relativos \u00e0 contribui\u00e7\u00e3o individual e patronal para a previd\u00eancia, IRRF e PIS\/PASEP, gerando os arquivos eletr\u00f4nicos conforme exigido na legisla\u00e7\u00e3o e regulamenta\u00e7\u00e3o.<\/span><\/li>\n<li style=\"text-align: justify;\"><span style=\"font-size: 12pt;\">Gera informa\u00e7\u00f5es anuais como DIRF, RAIS e Comprovante de Rendimentos pagos nos padr\u00f5es da lei vigente.<\/span><\/li>\n<li style=\"text-align: justify;\"><span style=\"font-size: 12pt;\">Gera informa\u00e7\u00f5es para SEFIP e Tribunais de Contas.<\/span><\/li>\n<li style=\"text-align: justify;\"><span style=\"font-size: 12pt;\">Mant\u00e9m hist\u00f3rico para cada servidor\/funcion\u00e1rio com detalhamento de todos os pagamentos e descontos, permitindo consulta ou emiss\u00e3o de relat\u00f3rios.<\/span><\/li>\n<li style=\"text-align: justify;\"><span style=\"font-size: 12pt;\">Permite que os funcion\u00e1rios retirem seus contracheques pelo website do munic\u00edpio.<\/span><\/li>\n<li style=\"text-align: justify;\"><span style=\"font-size: 12pt;\">Permite a gera\u00e7\u00e3o e emiss\u00e3o de relat\u00f3rio do dossi\u00ea dos servidores, com detalhes dos dados pessoais funcionais, profissionais e dependentes.<\/span><\/li>\n<li style=\"text-align: justify;\"><span style=\"font-size: 12pt;\">Permite o gerenciamento do desenvolvimento do pessoal por meio do planejamento e execu\u00e7\u00e3o do programa de treinamento e do registro dos cursos e respectivos participantes.<\/span><\/li>\n<\/ul>\n<\/div>\n<h4><\/h4>\n<\/div>\n","protected":false},"excerpt":{"rendered":"<p>M\u00f3dulo Gest\u00e3o Pessoal O QUE \u00c9 O M\u00d3DULO GEST\u00c3O PESSOAL? O M\u00f3dulo Gest\u00e3o Pessoal \u00e9 uma ferramenta que incrementa a Administra\u00e7\u00e3o de Recursos Humanos e gerencia os processos de Administra\u00e7\u00e3o Pessoal. O sistema promove o gerenciamento completo de dados cadastrais e do hist\u00f3rico de informa\u00e7\u00f5es dos servidores, dependentes, pensionistas e das diversas categorias funcionais com<\/p>\n","protected":false},"author":1,"featured_media":0,"parent":528,"menu_order":0,"comment_status":"open","ping_status":"open","template":"fullwidth.php","meta":[],"uagb_featured_image_src":{"full":false,"thumbnail":false,"medium":false,"medium_large":false,"large":false,"1536x1536":false,"2048x2048":false,"home_post_thumb":false,"wl_page_thumb":false,"blog_2c_thumb":false},"uagb_author_info":{"display_name":"admin","author_link":"https:\/\/lamper.com.br\/?author=1"},"uagb_comment_info":0,"uagb_excerpt":"M\u00f3dulo Gest\u00e3o Pessoal O QUE \u00c9 O M\u00d3DULO GEST\u00c3O PESSOAL? O M\u00f3dulo Gest\u00e3o Pessoal \u00e9 uma ferramenta que incrementa a Administra\u00e7\u00e3o de Recursos Humanos e gerencia os processos de Administra\u00e7\u00e3o Pessoal. O sistema promove o gerenciamento completo de dados cadastrais e do hist\u00f3rico de informa\u00e7\u00f5es dos servidores, dependentes, pensionistas e das diversas categorias funcionais com","_links":{"self":[{"href":"https:\/\/lamper.com.br\/index.php?rest_route=\/wp\/v2\/pages\/484"}],"collection":[{"href":"https:\/\/lamper.com.br\/index.php?rest_route=\/wp\/v2\/pages"}],"about":[{"href":"https:\/\/lamper.com.br\/index.php?rest_route=\/wp\/v2\/types\/page"}],"author":[{"embeddable":true,"href":"https:\/\/lamper.com.br\/index.php?rest_route=\/wp\/v2\/users\/1"}],"replies":[{"embeddable":true,"href":"https:\/\/lamper.com.br\/index.php?rest_route=%2Fwp%2Fv2%2Fcomments&post=484"}],"version-history":[{"count":0,"href":"https:\/\/lamper.com.br\/index.php?rest_route=\/wp\/v2\/pages\/484\/revisions"}],"up":[{"embeddable":true,"href":"https:\/\/lamper.com.br\/index.php?rest_route=\/wp\/v2\/pages\/528"}],"wp:attachment":[{"href":"https:\/\/lamper.com.br\/index.php?rest_route=%2Fwp%2Fv2%2Fmedia&parent=484"}],"curies":[{"name":"wp","href":"https:\/\/api.w.org\/{rel}","templated":true}]}}